- -14 - 9) - -25?
19
-3 - (3 - -3 - 2)
-7
Calculate (0 - (20 + -1)) + (-6699 - -6692).
-26
What is (378 - 359) + (1 - 16)?
4
Calculate (-15 - -19 - -24) + -1 - 15.
12
Calculate (12 - 31) + 29 - (0 + 4 + -4).
10
(-1 - 5) + 2 - (-31 + 5 - -7)
15
What is the value of -7 - ((-1 - 22) + 37)?
-21
What is the value of -9 - (-3 + -4) - (-22 - -4)?
16
-4 - (-5 - ((-5 - (-4 + 6)) + 4))
-2
Evaluate -12 - ((13 - 15) + -5 - -4).
-9
22 + -38 + 27 - -28
39
What is the value of (-3 - (1 - (-6 + 8))) + 18?
16
What is the value of -3 + (14 - 18) - -8?
1
What is -2 + -5 + 19 + 3?
15
Calculate -11 - ((-8 - -18 - 3) + 0 - 15).
-3
Calculate 10 - (-6 + -6 - -4 - -5).
13
What is the value of 16 + -11 + 52 + -46 + (-17 - -1)?
-5
4 + (2 - (21 + -5)) - (3 - 3)
-10
-1 - 1 - -9 - (-62 + 53)
16
Calculate (1 - (-4 + (-3 - -10) + -11)) + -3.
6
Evaluate -9 + -5 + (21 - 9).
-2
Calculate 3 - (1 + 23 + -8).
-13
-1 + 20 + -125 + 121
15
Evaluate -6 + (-2 - -6) + (8 + -7 - -19).
18
Calculate 342 + -343 + -1 + 0 + 2 + 4.
4
(-17 - -10 - (8 - 26)) + (1 - 2)
10
Evaluate 4 + (-12 - (-7 - (-5 - -4))).
-2
Evaluate -23 + 8 - (-3 + 19).
-31
Evaluate 5 - (18 - 21) - 21.
-13
Calculate -1 - ((2 - (6 + -3 + -5)) + -2).
-3
What is the value of 30 - (-8 + (38 - (-9 - -24)))?
15
What is 3 + (-3 - (21 - -4)) + -6 + 1?
-30
What is the value of 95 + -68 + 36 - 38?
25
Calculate (42 - 0) + 122 + -149.
15
Calculate 245 + -262 - (1 - 8).
-10
Calculate -43 - -36 - ((-4 - 7) + 2).
2
Calculate 14 - (-13 + -3 + 20 + 20).
-10
Calculate (34 - (-1 + 27)) + -2.
6
Calculate -9 + -22 - -13 - -22.
4
What is the value of -386 - -390 - (-1 + -11)?
16
What is -1 + 0 + 12 + (77 + -36 - 44)?
8
(-11 + 32 + -27 - (-1 + 38)) + 9
-34
Evaluate 297 + -275 + (1 - 25).
-2
Calculate 45 + (6 + -18 - (14 + -21 + 6)).
34
What is the value of -4 - (-1 - -18 - (-15 - -60))?
24
Evaluate (2 + 12 - 2) + 803 + -798.
17
What is the value of -1 - (-9 + -12 + 3 - -8 - 2)?
11
What is 10 - (27 - 16) - (1 + (4 - 0))?
-6
What is the value of (0 - 4) + 25 + 3 + -30 - -1?
-5
21 - -26 - 27 - 28
-8
Calculate -12 + 22 + -32 + 35.
13
What is 26 + (-65 - -36) + (4 - -1)?
2
-19 - -1 - (76 - 81)
-13
What is the value of -3 + 13 + 5 - 5?
10
Evaluate 2124 + -2111 + 1 + -26.
-12
What is the value of -5 - 3 - -1 - (0 + -17)?
10
What is -5 + 4 + 8 - 17?
-10
Evaluate -79 + 87 + (-10 - -1).
-1
Calculate -12 - (-15 + (-29 - -14)).
18
Evaluate 266 + -264 + 1 + -1 + -7 - -14.
9
Evaluate -44 - -21 - (-4 - 2 - -2).
-19
What is the value of (-9 - (1 + 16)) + 17?
-9
4 - ((-15 - -6) + 7 + -5)
11
What is (-4 - -3) + (21 - 11)?
9
Evaluate -8 - 2 - -10 - (-22 + 41).
-19
What is 1 + -12 + 24 + (66 - 81)?
-2
What is 75 + -86 - ((-1 - 1) + 10)?
-19
Calculate -9 - ((122 - 109) + (1 - 14)).
-9
What is 2 - (2 + -1) - (60 - 59) - -3?
3
Calculate -11 + (-7 - 1) + (4 - -4).
-11
What is the value of (5 - (7 + -8) - -1) + (4 - -15)?
26
Calculate -28 + (29 - 3) - (12 - 0).
-14
What is -2 + (1 - (8 + (2 - 12) + 6))?
-5
What is -9 + -43 + 12 + 65?
25
Evaluate (-1 + 8 - -6) + -9.
4
1 + (-1 + 4 - (1 + -9 - -16))
-4
(-229 - -232) + 0 + -8 + 0 + -8
-13
What is the value of 9 - 1 - (-23 - (-53 - -23))?
1
Evaluate 5 - ((12 + 1 - 8) + -8).
8
What is 24 + (24 - 19 - 45)?
-16
3 - (9 + -19 + 4 + 0)
9
-1 - -17 - (-196 - -216 - (2 - -10))
8
Evaluate (-8 + -11 - -19) + -12 - (-2 + -33).
23
Calculate 4 + 0 + -2 - -33 - (27 - 30).
38
What is the value of 3 + -3 + (-20 - -9)?
-11
Evaluate -2 + (-17 - 8) + 2 + (3 - 10).
-32
(6 - (-11 + 9) - 9) + -3
-4
What is -36 + 4 + 25 + -14 + -1?
-22
Evaluate 16 + (-5 - 1) + -3.
7
Calculate -18 - ((-1 - -5 - 10) + -1).
-11
What is the value of (11 + -10 - 2 - 7) + 4?
-4
What is the value of (10 - -10 - 40) + (4 - -5 - 6)?
-17
Evaluate 24 - (4 + 15) - (9 - 7).
3
-1 + -5 + -19 + 19 + 7
1
-8 + (4 - 9) + 7 + 3
-3
Calculate 1 + -4 + (12 - 20 - 2) - -5.
-8
Evaluate (-10 - (0 + -1 + 10)) + 11.
-8
What is -19 - ((-13 - 14) + -6)?
14
Calculate 21 + (2 - 4) - (-1 + 12).
8
What is -21 + (-6 - (-22 + 15)) + 1 + 0?
-19
Calculate (58 - -6 - 39) + (3 - (-1 + 2)).
27
What is the value of 1 + -3 + 3 + 18 + -13 + 13?
19
Evaluate 2 - (7 + -5) - (-21 - -16).
5
What is the value of -11 - ((1 + 13 - -8) + -11)?
-22
-25 + (-13 - -26) - -25
13
What is -3 - -1 - -2 - -5 - (47 + -32)?
-10
Calculate (-27 - -6) + (-4 - -13).
-12
What is -10 - (-4 + 6 + -29) - 4?
13
What is the value of -10 + (19 - 3) + -1 + 5?
10
What is the value of -5 + 5 - -1 - (-2 - -1)?
2
-35 - (12 + -22 + -5)
-20
Calculate 5 + 1 - (-33 - (-29 + -11)).
-1
What is the value of -14 + 16 + 11 - 24?
-11
0 - (-12 - (-9 - 0) - -6 - 13)
10
Evaluate (25 - (75 - (30 - 28))) + 1 + 10.
-37
What is (2 - 3 - (10 + -8 + -10)) + 4?
11
Calculate 12 + (1 - 12) + 25 + 4.
30
What is (-2 - 1) + (-4 - (-1 + 4))?
-10
What is the value of (1 - 3) + 0 - (2 + -1 + 2)?
-5
What is the value of 1 + (-15 + 0 - -8) - 10?
-16
What is (-4 - (46 - 74)) + -25?
-1
What is (19 + -23 - (0 - 11)) + -4 + 15?
18
What is the value of 1 - 4 - -2 - (10 - -40 - 49)?
-2
What is 5 + -18 + -5 + 4 - -4?
-10
-1 - (-3 - (0 + 3)) - (-45 + 53)
-3
Evaluate 5 + (-20 - -9) + 17.
11
What is the value of -1 - -3 - (17 + (0 - (-18 - -24)))?
-9
What is -22 + (-13 - (-23 - 6))?
-6
What is the value of -1 - (6 - (8 + (-2 - (-4 - -2))))?
1
(88 + -73 - (2 - -2)) + 7 - 8
10
Calculate -2 + 4 + -41 + 49.
10
Evaluate 6 + 21 - 15 - 28.
-16
-14 + 18 + -4 - -4
4
What is the value of 0 + 1 + -9 + 20 + -25 + 11?
-2
What is -3 + 12 + (-18 - -7)?
-2
Evaluate -15 - (-15 + 27) - -12 - -4.
-11
What is the value of -21 + -24 + -6 + 35?
-16
What is 5 + (-5 - (0 + 3 + -7)) + -8?
-4
What is -2 - -7 - (33 - 15 - 11)?
-2
What is the value of (-4 - (-3 - 0) - (32 - 31)) + -20?
-22
What is the value of (-129 - -135) + (-1 - 9)?
-4
What is the value of (6 - ((-5 - -1) + 5 - -6)) + 6?
5
What is the value of (24 - 0 - (-25 + 30)) + -5?
14
Calculate -24 + (15 - 11) - -17.
-3
21 + -17 + -15 + 28
17
Calculate (6 - 4) + (-4 - (-1 + -16)) - 7.
8
Evaluate 0 + -10 + 4 + -19.
-25
What is -3 + (3 - -35) - -4 - (37 - 27)?
29
What is the value of -22 - (-23 + 2) - 23?
-24
What is 2 + 2 + (-7 - -7 - 2) + -1?
1
Evaluate (-948 - -939) + (0 - 13 - 1).
-23
Evaluate 30 + -19 - (25 - 2).
-12
What is the value of (-14 - (-29 - -21)) + (8 - -32)?
34
Calculate 26 + (1 - 8) + -13.
6
What is 0 - (15 + -20 + -5) - (2 + -14)?
22
(0 - -4) + (32 - 37)
-1
Evaluate (-35 - -33) + (0 - -6).
4
3 + (36 - 13) + -35
-9
Evaluate -8 + (40 + -47 - (-15 - 0)).
0
Calculate 9 + -5 - (-3 - 10 - -14).
3
Evaluate 0 + (5 - ((7 - 28) + 7)).
19
What is -9 - (6 + -13) - -25?
23
Evaluate (-21 - -6) + 6 - (-2 + 6 + -18).
5
Calculate 140 + -139 + 3 + -1 + 4 - 7.
0
-4 - (9 + 0 + -6 + -9 + -2)
4
(5 - (7 - 5)) + (-12 - -12) + 16
19
Calculate 1 + 2 + (-9 - (-10 - (-20 + 10))).
-6
What is the value of (12 - 1) + -8 + -16 + 15 + 14?
16
2 + (-4 - 2) + (16 - (50 + -14))
-24
-10 + ((-17 - -5) + 0 - -13)
-9
Calculate -14 - (-6 - 58) - 35.
15
What is -1646 - -1628 - (2 + (-10 - 2))?
-8
What is 2 - (-10 - -4 - -11 - 2 - 0)?
-1
What is the value of (5 - 13) + 8 - (8 + 0)?
-8
Calculate 2 - ((-5 - 33 - -11) + 9).
20
Calculate -1 + 4 - (1 + 20) - (21 + -29).
-10
Calculate (14 - -9) + 15 + -8 + -15 + 0.
15
5 - -2 - (-2 + (0 - -16)) - 4
-11
What is -2 + (2 - (4 - 5)) + -1 + 0?
0
Evaluate (4 - 16) + (-14 + 10 - 1).
-17
What is the value of 3 - (5 + -7 + 7 - -4)?
-6
(-1 - (-6 + (-8 + 2 - -14))) + 7
4
What is the value of -19 + 10 - ((4 + 2 - 3) + -9)?
-3
What is -17 + (-4 - (-4 - (20 + 16)))?
19
Calculate (-1 + -13 - 4) + 1 + 7.
-10
Evaluate 6 - (0 + -7 + 11).
2
What is the value of 2 + (3 - -5) - (18 - 0)?
-8
Calculate (0 - 0) + -34 + 3 + 36.
5
Calculate 41 - 41 - (-1 - -3 - 0).
-2
3 + (2 - 9) + -1 - (17 + -7)
-15
What is -6 + (14 - (-9 + 4)) + -8 + 2?
7
Evaluate -15 - (-20 + 14) - (-9 - 2).
2
What is the value of 11 + -5 + -6 + 1 - 13?
-12
What is 15 + -17 + (3 - (0 - 22))?
23
What is the value of 12 + -7 + (6 - 10 - -15)?
16
(-4 - 27 - -35) + -3
1
What is the value of -15 + (-5 - -6) + 1 + -2?
-15
What is (-6 - -23) + -10 + -37 - -15?
-15
Evaluate (-9 - -18) + -2 - (-2 - -25 - -7).
-23
What is (4 - 2 - (-3 + 6)) + 3?
2
Calculate 1429 + -1356 + -1 + -35.
37
Evaluate 3 + 4 + -5 - (-5 - 0 - -1).
6
What is the value of 150 - 157 - (-17 + (-1 - -1))?
10
Calculate (1 - (13 